 c = -5*z + 3*c + 3. Let f be z + 2 + 0 + 2. Let v(n) = n**2 - 7*n + 6. Give v(f).
-4
Suppose -4*c = -4*g + 24, 0*g + 3*g - 22 = 5*c. Let r be (3/(-9))/(1/(-6)). Let l(h) = 2*h**2 + h + r*h**2 - 4 + 0*h - h**3. What is l(g)?
0
Let f(u) be the first derivative of u**5/120 - u**4/8 - u**3/3 + 2. Let o(b) be the third derivative of f(b). Let y be 12 + -15 + (1 + -2)*-7. Determine o(y).
1
Let h(d) = d**2 - 8. Suppose -5*w + w = 0. What is h(w)?
-8
Suppose 4*s = s + 6. Let b(d) = -d**2 + 2*d + 3. Let c(k) = -2*k**2 + 3*k + 4. Let g(m) = 3*b(m) - 2*c(m). What is g(s)?
5
Let p(h) = h**3 - 3*h**2 - 7*h + 5. Suppose 5*t + 15 = 5*y, -t = -3*y - 4 + 11. Let m(n) = n**2 - 3*n**3 - n + n. Let w be m(t). Calculate p(w).
-7
Let i be 3/((-5)/(10/(-3))). Let g be (6/12)/(i/(-16)). Let k(o) = o**3 + 3*o**2 - 4*o - 6. Give k(g).
-6
Suppose 2*d + c - 11 = 1, 0 = 2*c - 4. Suppose -k - 4*k = d. Let j(g) = -4*g**2 + 1. Determine j(k).
-3
Let u(h) = h**3 - 6*h**2 + 4*h + 1. Let y be 28/(-70) - 44/(-10). Determine u(y).
-15
Let m(t) be the first derivative of -1/2*t**2 + 5 + t. What is m(1)?
0
Let j = -76 - -78. Let d(h) = -4*h + 3. Give d(j).
-5
Let u(l) be the first derivative of l**3/3 - 3*l + 5. Let x(a) be the first derivative of u(a). Give x(-1).
-2
Let y(p) = -10*p - 13*p + 22*p - 6. Calculate y(0).
-6
Let w(x) = x**3 + x**2 + x + 4. Let j be w(0). Let i(l) be the second derivative of 0 + 6*l - 1/3*l**3 - 1/2*l**2 + 1/12*l**4. Determine i(j).
7
Let a be (-52)/(-5) + (-3)/(-5). Let y(f) = -f - 3 + 7 - a. Determine y(-3).
-4
Let g(u) = 6*u**2. Suppose -5*n + 4*w = 3 - 7, -4*w - 4 = -4*n. Suppose 5*k - 3*k - 2 = n. Determine g(k).
6
Suppose 0 = 5*l - 51 + 21. Let r(q) = 1 - 3 + l*q + 1 - q**2. Let o be (0 - 1)*(-3 + 0). What is r(o)?
8
Let p = -67 - -112. Let d be p/12 + (-1)/(-4). Let o(g) = -6 + 1 - 8*g**2 + 1 - g**3 + 4*g + d*g**2. What is o(-5)?
1
Let p be ((-4)/3)/((-2)/(-9)). Let y(k) = 3 - 43*k + 23*k + 2 + 21*k. Give y(p).
-1
Let i be 2/6*3*-3. Let q(u) = 49 - 52 - 5*u + 4*u. What is q(i)?
0
Let o(p) be the second derivative of -5*p + p**3 + 0 - 1/2*p**4 - 2*p**2 + 1/20*p**5. Let b = 15 + -10. Determine o(b).
1
Let b(d) = -d + 7. Let y(l) = -2*l**2 - 12*l + 8. Let c be y(-6). What is b(c)?
-1
Let i(s) = -s**2 + 8*s - 11. Let y = -52 + 60. What is i(y)?
-11
Let o(d) = -3*d**2 - 5*d - 6. Let q(a) = 2*a**2 + 4*a + 5. Let p(h) = 5*o(h) + 6*q(h). Suppose -3 = g + 2*b, -2*g + 4*b - 3*b = 1. Calculate p(g).
-2
Let x(d) be the third derivative of d**5/60 + d**4/4 + d**3/3 - d**2. Let o(y) = y - 7. Let c be o(4). Let p = c - 0. Calculate x(p).
-7
Let g = -7 + 7. Suppose -3*t = -0*t - 3*f - 3, g = t + 2*f + 2. Let n(d) = -d - 2 + 2*d - d**3 - 3*d - 3*d**2 + t*d. What is n(-2)?
-2
Let n(k) = -6*k**3. Suppose 0 = -d - 4*d - 10. Let o = -1 - d. Determine n(o).
-6
Let j(c) = c**2 - 6*c + 1. Suppose -4*u + 11 - 27 = 0. Let t = u - -8. Calculate j(t).
-7
Let d(w) = -21*w**3 + 15*w**3 - 9 + 7*w + 9*w**2 + 7*w**3. Calculate d(-8).
-1
Suppose -4 = a - 2. Let q be a/1 + 5 + -1. Let t(z) = z**3 - 2*z**2 - 2*z + 1. Calculate t(q).
-3
Let o(d) be the third derivative of -d**6/120 + d**5/60 - 5*d**3/6 + 3*d**2 + 7. Give o(0).
-5
Let p(c) = c**2 - 5*c. Let q = 4 - 0. Let j be p(q). Let s(b) = b**2 + 5*b. Determine s(j).
-4
Let a(o) = -o**2 - o + 4. Let b = 28 - 25. Determine a(b).
-8
Suppose 16 + 0 = -4*g + 4*s, 0 = g + 4*s - 16. Let p(v) = v**3 + v**2 - v + 10. Give p(g).
10
Let v be (-1391)/(-78) + (-1)/(-6). Suppose 2*l = 5*l + v. Let c(i) = -6*i**2 - 2 - i**3 + 0*i**3 + 7. Calculate c(l).
5
Let p(w) = 2*w + 2. Suppose 0 = 4*a + 4*z + 12, 4*a + 3*z + 33 = 6*z. Calculate p(a).
-10
Let z be 6/(-15) + (-44)/(-10). Let d be (-26)/(-6) + z/6. Let t = 7 - d. Let s(w) = w**3 - w**2 - 2*w + 3. Calculate s(t).
3
Let x(m) = -m**3 - 2*m**2 + m. Let i be ((-4)/(-3))/(7/(21/(-2))). Give x(i).
-2
Let l(k) = -k**2 + 5*k + 3. Suppose -2*i + 7 = 3. Suppose 5*m + 3 = -3*w + 17, i*w = 5*m - 24. Calculate l(m).
7
Let u(w) = -3 + w + 9*w - 5*w. What is u(2)?
7
Let j(r) = 5*r**2 - 2 - 2*r - 3*r + 3 + r**3. Suppose -m - 12 = -3*t, 24 = -5*m + 44*t - 47*t. Give j(m).
-5
Let a = -178 - -175. Let b(s) be the second derivative of -s**4/12 - s**3/2 - 3*s**2/2 + s. Determine b(a).
-3
Let y(p) be the first derivative of -5*p**3/3 - 2*p**2 + 3*p + 1. Let l(g) = -9*g**2 - 7*g + 6. Let w(q) = -6*l(q) + 11*y(q). Determine w(-3).
-6
Let j(z) = -z**3 - 5*z**2 - 3*z - 6. Let d be 25/9 - 6/(-27). Suppose 8*q = d*q. Suppose q*k = -2*k - 10. Give j(k).
9
Let u(k) = k**2 - 2*k + 3. Let b = 6 + -4. Suppose -3*y + 10 = b*y. Determine u(y).
3
Let z(b) = -b**2 - 2*b + 4. Let d(r) = r. Let c(v) = 5*d(v) + z(v). Let h be c(5). Let q(n) = -n**3 - 7*n**2 - 6*n + 4. Give q(h).
4
Let h(y) be the first derivative of -y**5/4 + y**4/12 - y**3/3 + y**2/2 + y - 4. Let x(w) be the first derivative of h(w). Calculate x(1).
-5
Let v(j) be the second derivative of -j**3/6 - j**2/2 - j. Let k be v(-3). Let u = k - 4. Let p(q) = q**2 - 1. What is p(u)?
3
Let t(z) = z**3 - 2*z**2 - 2*z + 2. Let c(u) = u**2 + 8*u + 10. Let h be (-3)/(-1 - 2) + 11. Suppose 5*m + h = -23. Let x be c(m). What is t(x)?
5
Let o(i) = 4*i + 0*i - 6*i + 1. What is o(-6)?
13
Let r(u) = -u**3 - 9*u**2 + 2*u + 12. Let s be r(-9). Let t(l) = -2*l - 5. Determine t(s).
7
Let s be (-2)/(-8)*4*-1. Let o(z) = 2*z - 1. Determine o(s).
-3
Let z(v) = -v**3 - v**2 + 3*v + 3. Suppose 5*s - 20 = 15. Let x be 4/14*s/1. Let n(h) = -h**2 + 2. Let y be n(x). Determine z(y).
1
Let j(y) = y**2 - 5. Let s be (-2)/(2/32*-2). Suppose 0 = 3*o - 4*q - s, o + 3*q + 7 + 5 = 0. What is j(o)?
-5
Let l(m) = -m - 5. Let z be l(-7). Suppose 0 = z*b - 3*b + 5. Let f(d) = -d**3 + 5*d**2 - 6. Give f(b).
-6
Let o = -1 - -1. Let q(h) = -h - 5. Determine q(o).
-5
Let m(w) = -2*w + 4. Let u be (-2)/((0 - 2)/2). Suppose -u*q - 2*q = -16. Let r = q - 1. Determine m(r).
-2
Let h(j) = j**2 - 12*j - 3. Let k be h(12). Let n(r) = 3*r + 3. Let y(g) = 4*g + 3. Let u(m) = 5*n(m) - 4*y(m). Calculate u(k).
6
Let l(p) = 5 + p**2 - 2 + 5*p - 2. Let y be 6/(-14) - 75/21. Determine l(y).
-3
Let n be -3 - (3 - (2 + -1)). Let a(w) = -w - 4 - w - 1. What is a(n)?
5
Let o(a) = a**3 + 3*a**2 - 1. Let b(q) = -2*q + 9. Let s be -4 - 2*(-2)/4. Let y(r) = -2*r. Let p be y(s). Let f be b(p). Determine o(f).
-1
Let u(m) = 7*m + 2. Let b(k) = -k. Let r(o) = -2*b(o) - u(o). Let w = -37 + 35. What is r(w)?
8
Suppose 5*k - 16 = k. Let u(f) = 102*f - 99*f + f**2 - 2*f**2 + 1. Give u(k).
-3
Let u(k) = -7*k**3 + k**2. Suppose -17 = -l - 4*n, 2*l = -n + 5 + 1. Give u(l).
-6
Let v(z) = -2*z**3 + 2*z**2 - 1. Let m(r) = r**3 + 7*r**2 - 4. Let c be m(-7). Let n = -7 - -2. Let q = n - c. Determine v(q).
3
Let r(y) = 9*y - 3. Let c(f) = f. Let m(t) = 12*c(t) - r(t). What is m(5)?
18
Let r(s) = -s**2 + 6*s - 2. Suppose 4 = -w - k - 3*k, -2*w + 2*k = -2. Let d = w + 8. Let f = d + -3. Give r(f).
3
Let k(h) be the first derivative of h**3/3 + h**2/2 + 5*h - 13. What is k(0)?
5
Let l(i) = i**2 + 4*i + 2. Let f(r) = r**3. Let b be f(-1). Let k = b + 3. Let s = -1 - k. What is l(s)?
-1
Let o(c) = 2*c**2 - 19*c + 13. Let j be 2/(-2 + 1) - -15. Let b(i) = -i**2 + 9*i - 6. Let f(s) = j*b(s) + 6*o(s). Give f(3).
0
Let y(n) = n + 3. Let i(x) be the second derivative of x**4/12 + 5*x**3/6 - 3*x**2 - 3*x. Let b be i(-6). Let k = b - -3. Give y(k).
6
Let r(u) = -8*u**3 - 5*u**3 - u + 14*u**3 + u**2. Give r(1).
1
Let d(o) = -o**2 + 2*o + 5. Let f(k) be the third derivative of k**5/60 - 7*k**4/24 + 7*k**3/6 + k**2. Let p be f(6). Suppose 0 = 3*q - 16 + p. Calculate d(q).
-10
Let i(g) = 2*g. Suppose 2*c - 3*a + 2 + 2 = 0, -c - 4*a - 13 = 0. Give i(c).
-10
Let o(d) be the third derivative of -2*d**2 - 5/24*d**4 + 1/60*d**5 - 1/3*d**3 + 0*d + 0. Determine o(4).
-6
Let s(a) = 2*a + 4. Let g be s(-2). Suppose 0 = 4*z - v - 7 - 4, 2*z + v - 1 = g. Let c(k) = -2*k. Give c(z).
-4
Suppose 0 = k - 2 - 1. Let y be -1*(1 + (2 - k)). Let g(f) = f**3 - f**2 - f + 8. Determine g(y).
8
Suppose 12 = -8*f + 10*f. Suppose -28 = -f*v + 2*v. Let z(b) = 2*b - 6. Calculate z(v).
8
Let p(b) = -1 - 3*b**2 - 3 + 5*b + b**3 - 2*b**2 + 2. Calculate p(4).
2
Suppose i + 3*i = 0. Let f(k) = 2 + k**2 + i - 1 + 4*k. Let r = 7 + -10. Calculate f(r).
-2
Let y = 17 - 10. Let m(t) = y + t -